
False
Is 53147 composite?
False
Is 3041 a composite number?
False
Is 962833 prime?
False
Is 9461 a prime number?
True
Is 11797 a prime number?
False
Is 253397 a prime number?
False
Is 685 a prime number?
False
Is 1432129 a composite number?
False
Is 47599 prime?
True
Is 81071 composite?
False
Is 4073 a composite number?
False
Is 85685 a prime number?
False
Is 31561 a prime number?
False
Is 42569 composite?
False
Is 235663 a prime number?
True
Is 4055179 composite?
False
Is 18773 a composite number?
False
Is 204278 prime?
False
Is 13535 a composite number?
True
Is 83333 prime?
False
Is 192347 a composite number?
False
Is 13019 composite?
True
Is 132889 composite?
True
Is 141439 prime?
True
Is 574043 prime?
False
Is 31357 composite?
False
Is 4629 composite?
True
Is 283397 a prime number?
True
Is 133615 a composite number?
True
Is 170099 a composite number?
False
Is 4073 prime?
True
Is 15941 prime?
False
Is 101107 prime?
True
Is 12137 prime?
False
Is 224221 prime?
True
Is 457 prime?
True
Is 2521 composite?
False
Is 45553 a prime number?
True
Is 341369 prime?
False
Is 479746 a composite number?
True
Is 117309 prime?
False
Is 701899 a composite number?
True
Is 51103 a prime number?
False
Is 220442 a composite number?
True
Is 45221 composite?
True
Is 1177 prime?
False
Is 61859 a composite number?
True
Is 633 a composite number?
True
Is 15401 a composite number?
False
Is 66299 a prime number?
False
Is 14567 prime?
False
Is 1563 composite?
True
Is 279781 a prime number?
False
Is 67703 a prime number?
False
Is 1456795 composite?
True
Is 767 composite?
True
Is 3057 a composite number?
True
Is 16106 a composite number?
True
Is 64373 composite?
False
Is 10841 prime?
False
Is 751123 prime?
True
Is 101197 a prime number?
True
Is 22141 composite?
True
Is 165065 composite?
True
Is 5899 prime?
False
Is 457189 a prime number?
True
Is 364663 prime?
False
Is 524429 a composite number?
False
Is 16201 prime?
False
Is 25439 a composite number?
False
Is 15809 composite?
False
Is 408259 a composite number?
True
Is 13669 prime?
True
Is 635309 a prime number?
True
Is 98755 composite?
True
Is 8221 a composite number?
False
Is 150781 a prime number?
False
Is 35381 prime?
True
Is 1267 a prime number?
False
Is 948749 a prime number?
True
Is 12149 a prime number?
True
Is 185447 composite?
True
Is 2039 prime?
True
Is 669323 composite?
True
Is 21233 prime?
False
Is 97283 a prime number?
True
Is 1047823 composite?
True
Is 10799 a composite number?
False
Is 14243 a composite number?
False
Is 378313 composite?
True
Is 567265 a prime number?
False
Is 18827 composite?
True
Is 176141 composite?
True
Is 31957 prime?
True
Is 2657 prime?
True
Is 75967 prime?
True
Is 43607 prime?
True
Is 6163 a prime number?
True
Is 2344921 prime?
True
Is 33149 a composite number?
False
Is 5357 prime?
False
Is 23393 a composite number?
True
Is 13043 prime?
True
Is 701 a composite number?
False
Is 88357 prime?
False
Is 8743 composite?
True
Is 47563 a composite number?
False
Is 12219 a prime number?
False
Is 12713 a composite number?
False
Is 38113 a prime number?
True
Is 17638 a prime number?
False
Is 345979 prime?
True
Is 9413 prime?
True
Is 20401 composite?
True
Is 56453 a prime number?
True
Is 34841 a composite number?
False
Is 232549 prime?
True
Is 17893 a composite number?
True
Is 1075435 a prime number?
False
Is 49557 prime?
False
Is 8653 composite?
True
Is 244583 a composite number?
False
Is 170123 prime?
True
Is 46499 a composite number?
False
Is 57191 prime?
True
Is 40101 a prime number?
False
Is 58033 a composite number?
True
Is 12251 a prime number?
True
Is 55679 a prime number?
False
Is 251939 a prime number?
True
Is 21331 prime?
False
Is 221 prime?
False
Is 115561 a prime number?
True
Is 90605 a composite number?
True
Is 73826 composite?
True
Is 116627 prime?
False
Is 1061 composite?
False
Is 214495 a prime number?
False
Is 4162 a prime number?
False
Is 286799 prime?
False
Is 307001 a composite number?
True
Is 54217 prime?
True
Is 48229 composite?
True
Is 2503 a composite number?
False
Is 53 prime?
True
Is 5071 composite?
True
Is 1574591 a prime number?
False
Is 16645 prime?
False
Is 188911 a composite number?
False
Is 1823 a prime number?
True
Is 16729 composite?
False
Is 1236307 a prime number?
True
Is 1119361 prime?
False
Is 97439 a composite number?
True
Is 1808207 prime?
True
Is 67117 a prime number?
False
Is 31307 a prime number?
True
Is 12797 a prime number?
False
Is 2333 composite?
False
Is 5129 composite?
True
Is 1087 prime?
True
Is 495065 a prime number?
False
Is 316291 a prime number?
True
Is 299837 prime?
False
Is 10213 prime?
False
Is 5297 prime?
True
Is 686317 a composite number?
False
Is 1553477 composite?
True
Is 160117 a prime number?
True
Is 692051 a prime number?
True
Is 85223 a prime number?
True
Is 2749 composite?
False
Is 705821 a composite number?
False
Is 200209 a prime number?
False
Is 18871 composite?
True
Is 1789681 a prime number?
True
Is 435397 a composite number?
False
Is 1326839 a composite number?
False
Is 3263 a prime number?
False
Is 13033 a composite number?
False
Is 22601 a composite number?
True
Is 66697 prime?
True
Is 45411 a composite number?
True
Is 214417 prime?
False
Is 459791 a composite number?
False
Is 26387 composite?
False
Is 81849 composite?
True
Is 92621 composite?
True
Is 8097 a composite number?
True
Is 17827 composite?
False
Is 5863569 composite?
True
Is 364759 a prime number?
True
Is 2521 prime?
True
Is 13157 a prime number?
False
Is 221905 prime?
False
Is 149509 a composite number?
True
Is 830981 a prime number?
True
Is 115963 prime?
True
Is 3941 prime?
False
Is 22181 composite?
True
Is 146141 a prime number?
True
Is 620941 prime?
False
Is 246833 composite?
False
Is 372953 a composite number?
True
Is 739033 a composite number?
True
Is 2053 a composite number?
False
Is 88381 a composite number?
True
Is 612131 a prime number?
False
Is 2333 prime?
True
Is 2285 composite?
True
Is 551 a composite number?
True
Is 13709 prime?
True
Is 473719 a composite number?
False
Is 394939 a composite number?
True
Is 24061 a composite number?
False
Is 221849 composite?
False
Is 670471 composite?
False
Is 179 prime?
True
Is 3233 composite?
True
Is 15689 composite?
True
Is 131273 prime?
False
Is 66841 composite?
False
Is 11465 a composite number?
True
Is 30929 a composite number?
True
Is 769357 a composite number?
False
Is 51767 a composite number?
False
Is 5381 prime?
True
Is 82421 a composite number?
False
Is 52774 composite?
True
Is 40453 a composite number?
True
Is 140113 composite?
True
Is 469841 a prime number?
True
Is 24729 prime?
False
Is 445481 composite?
True
Is 10529 a composite number?
False
Is 76654 composite?
True
Is 2580041 composite?
True
Is 430286 composite?
True
Is 476303 prime?
False
Is 685 a composite number?
True
Is 5765 composite?
True
Is 1761653 a composite number?
True
Is 234967 composite?
False
Is 262807 prime?
True
Is 512249 a composite number?
False
Is 767801 prime?
False
Is 248749 prime?
True
Is 32273 a composite number?
True
Is 432923 a prime number?
True
Is 955 a prime number?
False
Is 13763 prime?
True
Is 24391 composite?
False
Is 4987 composite?
False
Is 60898 composite?
True
Is 43853 a prime number?
True
Is 4997 a composite number?
True
Is 4193 a prime number?
False
Is 95971 composite?
False
Is 62851 a prime number?
True
Is 566149 prime?
True
Is 66545 prime?
False
Is 2459 a prime number?
True
Is 50663 a prime number?
False
Is 4327 a composite number?
False
Is 84454 composite?
True
Is 1693 a prime number?
True
Is 10547 a composite number?
True
Is 967 composite?
False
Is 84974 a composite number?
True
Is 3004187 prime?
False
Is 19553 prime?
True
Is 6287 composite?
False
Is 29567 composite?
False
Is 5544163 a composite number?
False
Is 3977 a prime number?
False
Is 254287 prime?
False
Is 907 prime?
True
Is 35689 a composite number?
True
Is 24715 prime?
False
Is 25013 composite?
False
Is 442957 a composite number?
True
Is 90421 composite?
True
Is 75557 prime?
True
Is 7061 a prime number?
False
Is 3247 a composite number?
True
Is 77509 a composite number?
False
Is 15845 composite?
True
Is 110218 composite?
True
Is 151277 composite?
True
Is 657743 a composite number?
False
Is 4271 prime?
True
Is 2749 a prime number?
True
Is 393